{"id":257,"date":"2018-10-14T17:45:47","date_gmt":"2018-10-14T15:45:47","guid":{"rendered":"http:\/\/localhost\/iAuditor%20web%20page\/?page_id=257"},"modified":"2018-11-29T04:10:13","modified_gmt":"2018-11-29T03:10:13","slug":"baza-wiedzy","status":"publish","type":"page","link":"https:\/\/iauditor.pl\/index.php\/baza-wiedzy\/","title":{"rendered":"Baza Wiedzy Info"},"content":{"rendered":"<p style=\"text-align: center;\">Witam wszystkich\u00a0w nowej\u00a0<strong>Bazie Wiedzy<\/strong> dla wyrob\u00f3w medycznych. Do niniejszej darmowej <strong>Bazy Wiedzy<\/strong> b\u0119da mia\u0142y wy\u0142\u0105cznie osoby po wprowadzeniu danych do subskrypcji. Powstanie r\u00f3wnie\u017c <strong>Baza Wiedzy PRO<\/strong>. Dost\u0119p do niej b\u0119dzie wy\u0142\u0105cznie na podstawie abonamentu miesi\u0119cznego.<\/p>\n<ol>\n<li><a href=\"http:\/\/iauditor.pl\/index.php\/baza-wiedzy-darmowa\/\">Baza Wiedzy Darmowa<\/a><\/li>\n<li>Baza Wiedzy PRO &#8211; w trakcie tworzenia.<\/li>\n<\/ol>\n","protected":false},"excerpt":{"rendered":"<p>Witam wszystkich\u00a0w nowej\u00a0Bazie Wiedzy dla wyrob\u00f3w medycznych. Do niniejszej darmowej Bazy Wiedzy b\u0119da mia\u0142y wy\u0142\u0105cznie osoby po wprowadzeniu danych do subskrypcji. Powstanie r\u00f3wnie\u017c Baza Wiedzy PRO. Dost\u0119p do niej b\u0119dzie wy\u0142\u0105cznie na podstawie abonamentu miesi\u0119cznego. Baza Wiedzy Darmowa Baza Wiedzy PRO &#8211; w trakcie tworzenia.<\/p>\n","protected":false},"author":1,"featured_media":0,"parent":0,"menu_order":0,"comment_status":"closed","ping_status":"closed","template":"","meta":{"footnotes":""},"class_list":["post-257","page","type-page","status-publish","hentry"],"_links":{"self":[{"href":"https:\/\/iauditor.pl\/index.php\/wp-json\/wp\/v2\/pages\/257","targetHints":{"allow":["GET"]}}],"collection":[{"href":"https:\/\/iauditor.pl\/index.php\/wp-json\/wp\/v2\/pages"}],"about":[{"href":"https:\/\/iauditor.pl\/index.php\/wp-json\/wp\/v2\/types\/page"}],"author":[{"embeddable":true,"href":"https:\/\/iauditor.pl\/index.php\/wp-json\/wp\/v2\/users\/1"}],"replies":[{"embeddable":true,"href":"https:\/\/iauditor.pl\/index.php\/wp-json\/wp\/v2\/comments?post=257"}],"version-history":[{"count":14,"href":"https:\/\/iauditor.pl\/index.php\/wp-json\/wp\/v2\/pages\/257\/revisions"}],"predecessor-version":[{"id":521,"href":"https:\/\/iauditor.pl\/index.php\/wp-json\/wp\/v2\/pages\/257\/revisions\/521"}],"wp:attachment":[{"href":"https:\/\/iauditor.pl\/index.php\/wp-json\/wp\/v2\/media?parent=257"}],"curies":[{"name":"wp","href":"https:\/\/api.w.org\/{rel}","templated":true}]}}