{"id":3,"date":"2018-10-13T01:26:09","date_gmt":"2018-10-12T23:26:09","guid":{"rendered":"http:\/\/localhost\/iAuditor%20web%20page\/?page_id=3"},"modified":"2018-11-03T19:00:55","modified_gmt":"2018-11-03T18:00:55","slug":"polityka-prywatnosci","status":"publish","type":"page","link":"https:\/\/iauditor.pl\/index.php\/polityka-prywatnosci\/","title":{"rendered":"Polityka prywatno\u015bci"},"content":{"rendered":"<h1 class=\"entry-title main_title\"><strong>Informacje o przetwarzaniu danych zgodnie z\u00a0RODO<\/strong><\/h1>\n<div class=\"entry-content\">\n<p><strong>CO TO JEST RODO?<\/strong><\/p>\n<p>RODO jest unijnym prawem reguluj\u0105cym zasady ochrony danych osobowych, kt\u00f3re stosujemy od 25 maja 2018 r. Od tego dnia nasza firma przestrzega zasad okre\u015blonych w RODO.<\/p>\n<p>Pe\u0142na nazwa RODO: <em>Rozporz\u0105dzenie Parlamentu Europejskiego i Rady (UE) 2016\/679 z dnia 27 kwietnia 2016 r. w sprawie ochrony os\u00f3b fizycznych w zwi\u0105zku z przetwarzaniem danych osobowych i w sprawie swobodnego przep\u0142ywu takich danych oraz uchylenia dyrektywy 95\/46\/WE.<\/em><\/p>\n<p><strong>KTO JEST ADMINISTRATOREM DANYCH?<\/strong><\/p>\n<p>Administratorem Pa\u0144stwa danych osobowych jest iAuditor Romuald Urba\u0144ski z siedzib\u0105 w Warszawie (05-077), ul. Jana Paw\u0142a II 33\/4. Nasze dane kontaktowe: r.urbanski@iauditor.pl, +48 730000924.<\/p>\n<p>Administrator danych jest odpowiedzialny za bezpiecze\u0144stwo przekazanych danych osobowych oraz przetwarzanie ich zgodnie z przepisami prawa.<\/p>\n<p><strong>W JAKIM CELU I NA JAKIEJ PODSTAWIE PRAWNEJ WYKORZYSTUJEMY DANE?<\/strong><\/p>\n<p>Pa\u0144stwa dane osobowe b\u0119dziemy wykorzystywa\u0107 w nast\u0119puj\u0105cych celach:<\/p>\n<ul>\n<li>zawarcia i wykonania umowy, w tym zapewnienia poprawnej jako\u015bci us\u0142ug (podstawa prawna \u2013 art. 6 ust. 1 lit b RODO) \u2013 \u201ewykonanie umowy\u201d,<\/li>\n<li>wykonania ci\u0105\u017c\u0105cych na naszej firmie obowi\u0105zk\u00f3w prawnych, np. wystawiania i przechowywania faktur czy udzielania odpowiedzi na reklamacje (podstawa prawna \u2013 art. 6 ust. 1 lit c RODO) \u2013 \u201eobowi\u0105zek prawny\u201d,<\/li>\n<li>dochodzenia roszcze\u0144 wynikaj\u0105cych z umowy (podstawa prawna \u2013 art. 6 ust. 1 lit. f RODO) \u2013 \u201eprawnie uzasadniony interes\u201d,<\/li>\n<li>marketingu us\u0142ug w\u0142asnych w trakcie trwania umowy (podstawa prawna \u2013 art. 6 ust. 1 lit. f RODO) \u2013 \u201eprawnie uzasadniony interes\u201d,<\/li>\n<li>marketingowych, w przypadku wyra\u017cenia przez Pa\u0144stwa zgody na wykorzystanie danych w tym celu (podstawa prawna \u2013 art. 6 ust. 1 lit a RODO) \u2013 \u201ezgoda\u201d.<\/li>\n<\/ul>\n<p><strong>JAK D\u0141UGO B\u0118DZIEMY WYKORZYSTYWA\u0106 DANE?<\/strong><\/p>\n<p>Dane b\u0119dziemy wykorzystywa\u0107 przez okres niezb\u0119dny do realizacji opisanych powy\u017cej cel\u00f3w. W zale\u017cno\u015bci od podstawy prawnej b\u0119dzie to odpowiednio:<\/p>\n<ul>\n<li>czas trwania umowy,<\/li>\n<li>czas wykonywania obowi\u0105zk\u00f3w prawnych oraz czas, w kt\u00f3rym przepisy prawa nakazuj\u0105 nam przechowywa\u0107 dane, np. przepisy podatkowe,<\/li>\n<li>czas po kt\u00f3rym przedawni\u0105 si\u0119 roszczenia wynikaj\u0105ce z umowy,<\/li>\n<li>czas do momentu wycofania zgody.<\/li>\n<\/ul>\n<p><strong>JAKIE MAJ\u0104 PA\u0143STWO PRAWA? <\/strong><\/p>\n<p>Mog\u0105 Pa\u0144stwo z\u0142o\u017cy\u0107 do naszej firmy wniosek o:<\/p>\n<ul>\n<li>dost\u0119p do danych osobowych (informacj\u0119 o przetwarzanych danych osobowych oraz kopi\u0119 danych),<\/li>\n<li>sprostowanie danych, gdy s\u0105 one nieprawid\u0142owe,<\/li>\n<li>przeniesienie danych, w przypadkach okre\u015blonych w RODO,<\/li>\n<li>usuni\u0119cie lub ograniczenie przetwarzania danych osobowych.<\/li>\n<\/ul>\n<p>Niezale\u017cnie od praw wymienionych wy\u017cej mog\u0105 Pa\u0144stwo w dowolnym momencie wnie\u015b\u0107 sprzeciw wobec przetwarzania Pa\u0144stwa danych, je\u015bli podstaw\u0105 prawn\u0105 wykorzystywania danych jest prawnie uzasadniony interes. Po przyj\u0119ciu wniosku w tej sprawie jeste\u015bmy zobowi\u0105zani do zaprzestania przetwarzania danych w tym celu.<\/p>\n<p>Maj\u0105 Pa\u0144stwo tak\u017ce prawo wnie\u015b\u0107 skarg\u0119 do Prezesa Urz\u0119du Ochrony Danych Osobowych, je\u017celi uwa\u017caj\u0105 Pa\u0144stwo, \u017ce przetwarzanie Pa\u0144stwa danych osobowych narusza przepisy prawa.<\/p>\n<p>Udzielona zgoda na przetwarzanie danych osobowych w celach marketingowych mo\u017ce by\u0107 wycofana w ka\u017cdym czasie.<\/p>\n<p><strong>KOMU PRZEKAZUJEMY PA\u0143STWA DANE?<\/strong><\/p>\n<p>Z zachowaniem wszelkich gwarancji bezpiecze\u0144stwa danych, Pa\u0144stwa dane mo\u017cemy przekaza\u0107 \u2013 opr\u00f3cz osobom upowa\u017cnionym przez Administratora danych \u2013 innym podmiotom, w tym:<\/p>\n<ul>\n<li>podmiotom przetwarzaj\u0105cym je w naszym imieniu, np. dostawcom us\u0142ug technicznych i podmiotom \u015bwiadcz\u0105cym nam us\u0142ugi doradcze;<\/li>\n<li>innym administratorom, np. kurierom.<\/li>\n<\/ul>\n<p>Pa\u0144stwa dane nie b\u0119d\u0105 przekazywane do pa\u0144stw spoza Europejskiego Obszaru Gospodarczego (do kraj\u00f3w innych ni\u017c kraje Unii Europejskiej oraz Islandia, Norwegia i Liechtenstein).<\/p>\n<\/div>\n","protected":false},"excerpt":{"rendered":"<p>Informacje o przetwarzaniu danych zgodnie z\u00a0RODO CO TO JEST RODO? RODO jest unijnym prawem reguluj\u0105cym zasady ochrony danych osobowych, kt\u00f3re stosujemy od 25 maja 2018 r. Od tego dnia nasza firma przestrzega zasad okre\u015blonych w RODO. Pe\u0142na nazwa RODO: Rozporz\u0105dzenie Parlamentu Europejskiego i Rady (UE) 2016\/679 z dnia 27 kwietnia 2016 r. w sprawie ochrony&#8230; <\/p>\n<div class=\"read-more navbutton\"><a href=\"https:\/\/iauditor.pl\/index.php\/polityka-prywatnosci\/\">Read More<i class=\"fa fa-angle-double-right\"><\/i><\/a><\/div>\n","protected":false},"author":1,"featured_media":0,"parent":0,"menu_order":0,"comment_status":"closed","ping_status":"open","template":"","meta":{"footnotes":""},"class_list":["post-3","page","type-page","status-publish","hentry"],"_links":{"self":[{"href":"https:\/\/iauditor.pl\/index.php\/wp-json\/wp\/v2\/pages\/3","targetHints":{"allow":["GET"]}}],"collection":[{"href":"https:\/\/iauditor.pl\/index.php\/wp-json\/wp\/v2\/pages"}],"about":[{"href":"https:\/\/iauditor.pl\/index.php\/wp-json\/wp\/v2\/types\/page"}],"author":[{"embeddable":true,"href":"https:\/\/iauditor.pl\/index.php\/wp-json\/wp\/v2\/users\/1"}],"replies":[{"embeddable":true,"href":"https:\/\/iauditor.pl\/index.php\/wp-json\/wp\/v2\/comments?post=3"}],"version-history":[{"count":5,"href":"https:\/\/iauditor.pl\/index.php\/wp-json\/wp\/v2\/pages\/3\/revisions"}],"predecessor-version":[{"id":378,"href":"https:\/\/iauditor.pl\/index.php\/wp-json\/wp\/v2\/pages\/3\/revisions\/378"}],"wp:attachment":[{"href":"https:\/\/iauditor.pl\/index.php\/wp-json\/wp\/v2\/media?parent=3"}],"curies":[{"name":"wp","href":"https:\/\/api.w.org\/{rel}","templated":true}]}}