{"id":53,"date":"2018-10-13T13:11:12","date_gmt":"2018-10-13T11:11:12","guid":{"rendered":"http:\/\/localhost\/iAuditor%20web%20page\/?page_id=53"},"modified":"2018-11-03T21:13:10","modified_gmt":"2018-11-03T20:13:10","slug":"strona-glowna-2","status":"publish","type":"page","link":"https:\/\/iauditor.pl\/","title":{"rendered":"Strona g\u0142\u00f3wna"},"content":{"rendered":"\t\t<div data-elementor-type=\"wp-post\" data-elementor-id=\"53\" class=\"elementor elementor-53 elementor-bc-flex-widget\">\n\t\t\t\t\t\t<section class=\"elementor-section elementor-top-section elementor-element elementor-element-fab6947 elementor-section-boxed elementor-section-height-default elementor-section-height-default\" data-id=\"fab6947\" data-element_type=\"section\" data-e-type=\"section\">\n\t\t\t\t\t\t<div class=\"elementor-container elementor-column-gap-default\">\n\t\t\t\t\t<div class=\"elementor-column elementor-col-100 elementor-top-column elementor-element elementor-element-7578dd0\" data-id=\"7578dd0\" data-element_type=\"column\" data-e-type=\"column\">\n\t\t\t<div class=\"elementor-widget-wrap elementor-element-populated\">\n\t\t\t\t\t\t<div class=\"elementor-element elementor-element-0aec592 elementor-widget elementor-widget-text-editor\" data-id=\"0aec592\" data-element_type=\"widget\" data-e-type=\"widget\" data-widget_type=\"text-editor.default\">\n\t\t\t\t<div class=\"elementor-widget-container\">\n\t\t\t\t\t\t\t\t\t<p style=\"margin-bottom: 0cm; caret-color: #000000; color: #000000; font-family: -webkit-standard; font-style: normal; font-variant-caps: normal; margin-top: 0.3cm; border-style: none; padding: 0cm; line-height: 24px; text-align: center;\"><span style=\"font-style: italic;\"><span style=\"color: #c0c0c0;\"><span style=\"font-family: inherit;\"><span style=\"font-size: large;\"><i>Firma i<\/i><\/span><\/span><\/span><\/span><span style=\"font-style: italic;\"><span style=\"color: #ff0000;\"><span style=\"font-family: inherit;\"><span style=\"font-size: large;\"><i>A<\/i><\/span><\/span><\/span><\/span><span style=\"font-style: italic;\"><span style=\"color: #c0c0c0;\"><span style=\"font-family: inherit;\"><span style=\"font-size: large;\"><i>uditor to firma ekspercko-doradcza zajmuj\u0105ca si\u0119 wszelk\u0105 dzia\u0142alno\u015bci\u0105 zwi\u0105zan\u0105 z wiedz\u0105, szkoleniem, certyfikacj\u0105, wdro\u017ceniem wymaga\u0144 prawnych i standard\u00f3w dla wyrob\u00f3w\u00a0<\/i><\/span><\/span><\/span><\/span><em><span style=\"color: #c0c0c0;\"><span style=\"font-family: inherit;\"><span style=\"font-size: large;\">medycznych.<\/span><\/span><\/span><\/em><\/p><p style=\"margin-bottom: 0cm; caret-color: #000000; color: #000000; font-family: -webkit-standard; font-style: normal; font-variant-caps: normal; margin-top: 0.3cm; border-style: none; padding: 0cm; line-height: 24px; text-align: center;\"><em><span style=\"color: #c0c0c0;\"><span style=\"font-family: inherit;\"><span style=\"font-size: large;\">\u00a0<\/span><\/span><\/span><\/em><\/p><p style=\"text-align: center;\"><i><\/i><span style=\"font-style: italic;\"><span style=\"color: #c0c0c0;\"><span style=\"font-family: inherit;\"><span style=\"font-size: large;\"><i><u>Misja<\/u><\/i><\/span><\/span><\/span><\/span><\/p><p style=\"margin-bottom: 0cm; caret-color: #000000; color: #000000; font-family: -webkit-standard; font-style: normal; font-variant-caps: normal; margin-top: 0.3cm; border-style: none; padding: 0cm; line-height: 24px; text-align: center;\"><span style=\"font-style: italic;\"><span style=\"color: #c0c0c0;\"><span style=\"font-family: inherit;\"><span style=\"font-size: large;\"><i>Nasz\u0105 misj\u0105 jest pomoc w tworzeniu bezpiecznych i wydajnych wyrob\u00f3w medycznych na rynki Unii Europejskiej, Stan\u00f3w Zjednoczonych i Kanady.\u00a0<\/i><\/span><\/span><\/span><\/span><\/p><p style=\"margin-bottom: 0cm; caret-color: #000000; color: #000000; font-family: -webkit-standard; font-style: normal; font-variant-caps: normal; margin-top: 0.3cm; border-style: none; padding: 0cm; line-height: 24px;\"><span style=\"font-style: italic;\"><span style=\"color: #c0c0c0;\"><span style=\"font-family: inherit;\"><span style=\"font-size: large;\"><i>\u00a0<\/i><\/span><\/span><\/span><\/span><\/p><p style=\"text-align: center;\"><i><\/i><span style=\"font-style: italic;\"><span style=\"color: #c0c0c0;\"><span style=\"font-family: inherit;\"><span style=\"font-size: large;\"><i><u>Motto<\/u><\/i><\/span><\/span><\/span><\/span><\/p>\t\t\t\t\t\t\t\t<\/div>\n\t\t\t\t<\/div>\n\t\t\t\t\t<\/div>\n\t\t<\/div>\n\t\t\t\t\t<\/div>\n\t\t<\/section>\n\t\t\t\t<section class=\"elementor-section elementor-top-section elementor-element elementor-element-9ad01b4 elementor-section-boxed elementor-section-height-default elementor-section-height-default\" data-id=\"9ad01b4\" data-element_type=\"section\" data-e-type=\"section\">\n\t\t\t\t\t\t<div class=\"elementor-container elementor-column-gap-default\">\n\t\t\t\t\t<div class=\"elementor-column elementor-col-100 elementor-top-column elementor-element elementor-element-ca39906\" data-id=\"ca39906\" data-element_type=\"column\" data-e-type=\"column\">\n\t\t\t<div class=\"elementor-widget-wrap elementor-element-populated\">\n\t\t\t\t\t\t<div class=\"elementor-element elementor-element-ba1783e elementor-widget elementor-widget-image\" data-id=\"ba1783e\" data-element_type=\"widget\" data-e-type=\"widget\" data-widget_type=\"image.default\">\n\t\t\t\t<div class=\"elementor-widget-container\">\n\t\t\t\t\t\t\t\t\t\t\t\t\t\t\t<img fetchpriority=\"high\" decoding=\"async\" width=\"550\" height=\"366\" src=\"https:\/\/iauditor.pl\/wp-content\/uploads\/2018\/10\/b94e48f0-4053-11e3-9c8d-22000a970267-original.jpg\" class=\"attachment-large size-large wp-image-321\" alt=\"\" srcset=\"https:\/\/iauditor.pl\/wp-content\/uploads\/2018\/10\/b94e48f0-4053-11e3-9c8d-22000a970267-original.jpg 550w, https:\/\/iauditor.pl\/wp-content\/uploads\/2018\/10\/b94e48f0-4053-11e3-9c8d-22000a970267-original-300x200.jpg 300w\" sizes=\"(max-width: 550px) 100vw, 550px\" \/>\t\t\t\t\t\t\t\t\t\t\t\t\t\t\t<\/div>\n\t\t\t\t<\/div>\n\t\t\t\t\t<\/div>\n\t\t<\/div>\n\t\t\t\t\t<\/div>\n\t\t<\/section>\n\t\t\t\t<\/div>\n\t\t","protected":false},"excerpt":{"rendered":"<p>Firma iAuditor to firma ekspercko-doradcza zajmuj\u0105ca si\u0119 wszelk\u0105 dzia\u0142alno\u015bci\u0105 zwi\u0105zan\u0105 z wiedz\u0105, szkoleniem, certyfikacj\u0105, wdro\u017ceniem wymaga\u0144 prawnych i standard\u00f3w dla wyrob\u00f3w\u00a0medycznych. \u00a0 Misja Nasz\u0105 misj\u0105 jest pomoc w tworzeniu bezpiecznych i wydajnych wyrob\u00f3w medycznych na rynki Unii Europejskiej, Stan\u00f3w Zjednoczonych i Kanady.\u00a0 \u00a0 Motto<\/p>\n","protected":false},"author":1,"featured_media":0,"parent":0,"menu_order":0,"comment_status":"closed","ping_status":"closed","template":"","meta":{"footnotes":""},"class_list":["post-53","page","type-page","status-publish","hentry"],"_links":{"self":[{"href":"https:\/\/iauditor.pl\/index.php\/wp-json\/wp\/v2\/pages\/53","targetHints":{"allow":["GET"]}}],"collection":[{"href":"https:\/\/iauditor.pl\/index.php\/wp-json\/wp\/v2\/pages"}],"about":[{"href":"https:\/\/iauditor.pl\/index.php\/wp-json\/wp\/v2\/types\/page"}],"author":[{"embeddable":true,"href":"https:\/\/iauditor.pl\/index.php\/wp-json\/wp\/v2\/users\/1"}],"replies":[{"embeddable":true,"href":"https:\/\/iauditor.pl\/index.php\/wp-json\/wp\/v2\/comments?post=53"}],"version-history":[{"count":22,"href":"https:\/\/iauditor.pl\/index.php\/wp-json\/wp\/v2\/pages\/53\/revisions"}],"predecessor-version":[{"id":469,"href":"https:\/\/iauditor.pl\/index.php\/wp-json\/wp\/v2\/pages\/53\/revisions\/469"}],"wp:attachment":[{"href":"https:\/\/iauditor.pl\/index.php\/wp-json\/wp\/v2\/media?parent=53"}],"curies":[{"name":"wp","href":"https:\/\/api.w.org\/{rel}","templated":true}]}}